 g + 5. What are the prime factors of h(2)?
7
Let v = -8 + 14. Suppose 0*w = -w + v. Suppose 4*t + w = 82. List the prime factors of t.
19
What are the prime factors of 22/143 + (-5820)/(-26)?
2, 7
Suppose s = -0*s. Suppose 0 = 2*j - j + d - 18, -5*j + 5*d + 90 = s. List the prime factors of j.
2, 3
Let z = -22 - -10. Let s = -1 - z. What are the prime factors of s?
11
List the prime factors of 63 - 1*3*(-8)/(-24).
2, 31
Suppose 13 = -7*c + 132. What are the prime factors of c?
17
Let o be 2/4*(-8)/2. What are the prime factors of o/1 - -1*9?
7
What are the prime factors of 306/7 - (-10)/35?
2, 11
Suppose 10 = -h - h. Let i = 8 + h. List the prime factors of 1 + i/6*6.
2
Let y = -49 + 73. What are the prime factors of y?
2, 3
Let v(g) = 19*g**3 - g**2 - g + 1. Let a be v(1). What are the prime factors of (a/(-12))/(3/(-8))?
2
Let y = -26 + -14. List the prime factors of (33/44)/((-1)/y).
2, 3, 5
Let h(t) = 15*t - 2. What are the prime factors of h(2)?
2, 7
Let m(l) = 36*l**2. Let z be m(-2). Suppose 5*u = -x - z, 2*u - 7*u = 3*x + 152. Let q = 39 + u. List the prime factors of q.
11
Let m(c) be the first derivative of c**4/4 + c**3/3 + c**2 + c + 1. Let t be m(-2). Let l = 16 + t. List the prime factors of l.
3
Suppose -14*u + 17*u = 216. List the prime factors of u.
2, 3
Let m(b) = -2*b - 7. Suppose -2*r = -5*r + 9. Suppose 0 = r*t + 31 - 13. What are the prime factors of m(t)?
5
Let c = 18 + -26. Let z = c + 8. Suppose 16 = 2*a - 3*o - 13, -3*o - 15 = z. What are the prime factors of a?
7
List the prime factors of (0 + 2)/(3/72).
2, 3
Suppose 0 = 4*h - 61 - 99. List the prime factors of h.
2, 5
Suppose -23 = 2*c + 7. Let u = c + 25. List the prime factors of u.
2, 5
Suppose -3*a + 0 = 2*m - 3, 2*a + 14 = 4*m. What are the prime factors of 14/(-7) + (-45)/a?
43
Let x(l) = l**3 + 5*l**2 - 7*l - 7. Let p be x(-6). List the prime factors of ((-27)/3)/p + 0.
3
Let b(u) be the second derivative of u**4/12 + u**2/2 + u. Let v be b(2). List the prime factors of (3/v - 0)*15.
3
Suppose s - 6 = t + 5*s, 11 = -3*t - 5*s. Let p be 32/14 - t/(-7). Suppose 3*z - 21 = 3*o, -p + 17 = -5*o. List the prime factors of z.
2
Let d(u) = 6*u - 24. List the prime factors of d(15).
2, 3, 11
Let c(m) = 13*m**2 - 2*m + 1. Let o be c(1). Let j be o/10*30/(-9). Let g = 0 - j. List the prime factors of g.
2
Let g(u) = u**3 - 17*u**2 - 19*u + 20. Let w be g(18). Suppose 2*f = 4*p + 70, -2*p + 38 = w*f + 2*p. What are the prime factors of f?
3
Let g be (-2)/8 - (-27)/12. What are the prime factors of 3 + g*(-3)/6?
2
Let p(q) = -q - 2. Let z be p(-4). What are the prime factors of ((-4)/10)/(z/(-80))?
2
Suppose 2*o - 17 = x, -4*o = -2*o - 2*x - 18. What are the prime factors of o?
2
Suppose 0*a + a = b - 3, 0 = 5*a - 2*b. Suppose -a*h = 2*f - 34, -h + 0*h + 4 = 0. What are the prime factors of f?
13
Suppose -136 = -4*i - 3*d + 148, -5*i - 5*d + 350 = 0. List the prime factors of i.
2, 37
Let m(z) = z**3 + 52. Let u be m(0). Suppose -3*r + u = r. What are the prime factors of r?
13
Let m be 4/6*(7 - 1). Let g be m/2 - (-1 - -1). Suppose 5*i - g*i - 9 = 0. What are the prime factors of i?
3
Suppose -123 = -16*w + 13*w. What are the prime factors of w?
41
Suppose -2*p = -5*p + 21. List the prime factors of p.
7
Suppose 8*b = -0*b + 936. List the prime factors of b.
3, 13
Suppose 3*h = -2*r + 51, -2*h - 85 = -4*r - 23. List the prime factors of r.
2, 3
Let o = -292 + 456. What are the prime factors of o?
2, 41
Let t = 3 + 0. Let f = 30 - t. Let h = f + -18. List the prime factors of h.
3
Let m be (-12)/(-28) + (-78)/(-14). Let b = -1 + m. What are the prime factors of b?
5
What are the prime factors of 23 + 4/(-6)*3?
3, 7
Suppose 0*j + 2*j + d = -11, j = -5*d + 8. Let o = -1 + -4. Let n = o - j. List the prime factors of n.
2
Let q = 5 - 1. Let g(v) = -v**3 + 4*v**2 + 4*v + 3. List the prime factors of g(q).
19
Suppose -3*t = 12, -3*a + a = -2*t - 124. List the prime factors of a.
2, 29
Let k(v) = v**2 - 13*v + 6. Let t(w) = -2*w - 15. Let p be t(-14). What are the prime factors of k(p)?
2, 3
What are the prime factors of (4/(-18))/(18/(-162))?
2
Let c be -2 + 0/(-2) + 11. Let f = c - 4. List the prime factors of f.
5
Let u = -10 - -22. List the prime factors of u - -3*(0 - 1).
3
Let t(y) = -5*y - 1. Let f be t(-1). Suppose 2*d + 6*r = r - 1, f*d - 10 = 2*r. Suppose 70 - d = 4*m. List the prime factors of m.
17
Let c(f) = -2*f**3 + f**2 + 7. Let l be c(-3). Suppose -94 = -4*i + l. What are the prime factors of i?
41
Suppose 4*p - 2*p - 6 = 0. Suppose -b - 8 = 3*b, -12 = -p*k + 3*b. Suppose 3*u + i + k*i - 30 = 0, 2*u + i = 15. List the prime factors of u.
5
Let n(l) = 4*l**2 + l + 5. What are the prime factors of n(3)?
2, 11
Let t be (-1*1)/((-22)/44). Let w(k) be the second derivative of k**3/3 + k. List the prime factors of w(t).
2
Let h(b) = b**2 - 5*b + 4. Let k be h(6). Let y(x) = -x**2 - 8*x - 7. Let g be y(-8). Let j = g + k. What are the prime factors of j?
3
Suppose 4*o - 134 = -5*m + 3*m, 0 = -m + 3. List the prime factors of o.
2
Let m = -325 + 512. List the prime factors of m.
11, 17
Suppose 2*w = 2*b + 14, 0 = 3*w + 4*b - 4 - 3. Suppose 262 - 62 = w*a. What are the prime factors of a?
2, 5
Let d(a) = a**2 - a. Let z be d(-1). List the prime factors of -1 - ((-12)/1)/z.
5
List the prime factors of ((-44)/(-12))/((-4)/(-12)).
11
Let x = -8 - -4. Let s be (-4)/6*42/x. Suppose s = p - 3. List the prime factors of p.
2, 5
Suppose -4*o - 2*k = 16, -5*o - 4 = -2*k + 25. Suppose 3*y - s + 24 = 0, -3*s + 6 + 21 = -4*y. Let z = o - y. List the prime factors of z.
2
Let n = 92 - 53. What are the prime factors of n?
3, 13
Let l(y) = -3*y - 7. Let r be l(-5). What are the prime factors of 33/12 - (-2)/r?
3
Let u(f) = -10*f - 3. Let c = -15 + 12. What are the prime factors of u(c)?
3
What are the prime factors of 2/8 + 753/12?
3, 7
Let h(v) be the third derivative of -v**7/5040 + v**6/720 + v**5/60 - 2*v**2. Let y(m) be the third derivative of h(m). List the prime factors of y(-5).
2, 3
Let a(t) = t**2 + 4*t + 3. Let h be a(-3). Suppose 35 + 26 = 2*p + 3*g, -5*p + 3*g + 184 = h. Let u = -24 + p. List the prime factors of u.
11
Let y(o) = 4*o**2 - 6*o + 4 - o + o**3 - 2 + 0. List the prime factors of y(-5).
2, 3
Let v = 20 - -76. List the prime factors of v.
2, 3
Let x(c) = 3*c**2 - 27*c + 7. What are the prime factors of x(13)?
163
Suppose 3*p - 5 = k + p, 3*p - 13 = -4*k. Let c be k/(-4) + (-39)/(-12). Suppose c*r + 9 = 3*a - 6, -4*r = -a + 14. What are the prime factors of a?
2
What are the prime factors of (-4210)/(-30) - (-1)/(-3*1)?
2, 5, 7
Let z(x) = x**3 - x**2 - 3*x + 178. What are the prime factors of z(0)?
2, 89
Suppose 5*n + 4*s - 3 = 0, 4*n - 3*s - 24 = s. Let h be (-18)/15*(-10)/4. What are the prime factors of n*h/(-3) + 19?
2
Let l = -37 - -56. Let a = l + -17. What are the prime factors of a?
2
Suppose 0*g - g + 18 = 5*w, 14 = w - 5*g. Suppose -4*l - 76 = -w*k + 8, 104 = 4*k + l. What are the prime factors of k?
5
What are the prime factors of 2/3*(-2 - (-691)/2)?
229
Suppose 4*n - 113 - 35 = 0. List the prime factors of n.
37
Suppose 3*k = -k + 20. Let y(z) = z**2 + 2*z - 7. What are the prime factors of y(k)?
2, 7
Let q be (-2)/6 + 2/6. List the prime factors of -2 - (14 - q)/(-2).
5
Let y = 8 - 6. Let d be (-44)/(-3) + y/(-3). List the prime factors of (-4)/6 - d/(-3).
2
Let w(u) = -100*u**3 + 2*u**2 + 2*u + 1. What are the prime factors of w(-1)?
101
Suppose 3*p = 3*d - 576, -5*p = -d - 2*p + 198. What are the prime factors of d?
3, 7
Let o be 3 + 1 + 1 + 0. Suppose s + v = o*s - 47, 5*v + 37 = 2*s. List the prime factors of s.
11
Suppose -4*a + 173 + 155 = 0. List the prime factors of a.
2, 41
Suppose -126 = -5*w + 4*s, -2*w - 4*s + 30 = -26. What are the prime factors of w?
2, 13
Suppose t - 5*s = 7, 2*t - 7*t + 5*s = -55. What are the prime factors of t?
2, 3
What are the prime factors of (27/(-6) - -3)*-10?
3, 5
Suppose -3*s = -s - l + 5, 0 = -3*s - 5*l - 40. Let p = s - -18. Suppose 4*c - 17 = 4*w - 3*w, 2*w + p = c. List the prime factors of c.
3
List the prime factors of (7/(-35))/(3/(-3435)).
229
Let f be -1*7/((-28)/24). What are the prime factors of ((-180)/(-16))/(f/16)?
2, 3, 5
Suppose -5*h = -3*o + o + 27, 0 = 2*o - 4*h - 26. List the prime 